{"id":10423,"date":"2025-03-20T10:17:33","date_gmt":"2025-03-20T09:17:33","guid":{"rendered":"https:\/\/ultratrail-angkor.com\/?page_id=10423"},"modified":"2025-02-22T17:00:14","modified_gmt":"2025-02-22T16:00:14","slug":"presses-et-medias","status":"publish","type":"page","link":"https:\/\/ultratrail-angkor.com\/?page_id=10423","title":{"rendered":"Presses et m\u00e9dias"},"content":{"rendered":"<p><span style=\"font-size: 18px;\">Notre dossier presse est adress\u00e9 \u00e0 l\u2019ensemble de la presse r\u00e9gionale ou nationale, de la presse sportive, divers journaux \u00e9trangers, sites Internet, r\u00e9seaux sociaux et t\u00e9l\u00e9visions.<\/span><\/p>\n<p><span style=\"font-size: 18px;\"><strong>Mise \u00e0 disposition d&rsquo;images<\/strong><\/span><\/p>\n<ul>\n<li><span style=\"font-size: 18px;\">Nous tenons \u00e0 votre disposition des images vid\u00e9os libres de droit &#8211; <a href=\"https:\/\/www.youtube.com\/channel\/UCAHL6siaBhVsB7_IVhJjJrA\/featured?view_as=subscriber\">https:\/\/www.youtube.com\/channel\/UCAHL6siaBhVsB7_IVhJjJrA\/featured?view_as=subscriber<\/a><br \/>\n<\/span><\/li>\n<li><span style=\"font-size: 18px;\">Vous avez \u00e9galement un acc\u00e8s \u00e0 la phototh\u00e8que d&rsquo;images libre de droit pour publication &#8211; <a href=\"https:\/\/www.photos.sdpo.com\/\">https:\/\/www.photos.sdpo.com\/<\/a> et <a href=\"https:\/\/bibpix.net\/en\/photo?race_id=angkor2025&amp;bib=\">https:\/\/bibpix.net\/en\/photo?race_id=angkor2025&amp;bib=<\/a><br \/>\n<\/span><\/li>\n<\/ul>\n<h3><strong>Communiqu\u00e9s de presse et dossier de Pr\u00e9sentation de l&rsquo;UTA<br \/>\n<\/strong><\/h3>\n<p><span style=\"font-size: 18px;\">Les communiqu\u00e9s de presse peuvent vous \u00eates adress\u00e9s sur simple demande:<\/span><br \/>\n<span style=\"font-size: 18px;\">Contacter Jean Claude LE CORNEC<\/span><br \/>\n<span style=\"font-size: 18px;\">par Email: <a href=\"mailto:sdpo@sdpo.com\">sdpo@sdpo.com<\/a><\/span><br \/>\n<span style=\"font-size: 18px;\">ou: T\u00e9l: 06 03 70 38 83 (presse francophone)<br \/>\n<\/span><\/p>\n<p>&nbsp;<\/p>\n","protected":false},"excerpt":{"rendered":"<p>Notre dossier presse est adress\u00e9 \u00e0 l\u2019ensemble de la presse r\u00e9gionale ou nationale, de la presse sportive, divers journaux \u00e9trangers, sites Internet, r\u00e9seaux sociaux et t\u00e9l\u00e9visions. Mise \u00e0 disposition d&rsquo;images Nous tenons \u00e0 votre disposition des images vid\u00e9os libres de droit &#8211; https:\/\/www.youtube.com\/channel\/UCAHL6siaBhVsB7_IVhJjJrA\/featured?view_as=subscriber Vous avez \u00e9galement un acc\u00e8s \u00e0 la phototh\u00e8que d&rsquo;images libre de droit<\/p>\n","protected":false},"author":3,"featured_media":0,"parent":0,"menu_order":0,"comment_status":"closed","ping_status":"closed","template":"","meta":{"footnotes":""},"class_list":["post-10423","page","type-page","status-publish","hentry"],"_links":{"self":[{"href":"https:\/\/ultratrail-angkor.com\/index.php?rest_route=\/wp\/v2\/pages\/10423","targetHints":{"allow":["GET"]}}],"collection":[{"href":"https:\/\/ultratrail-angkor.com\/index.php?rest_route=\/wp\/v2\/pages"}],"about":[{"href":"https:\/\/ultratrail-angkor.com\/index.php?rest_route=\/wp\/v2\/types\/page"}],"author":[{"embeddable":true,"href":"https:\/\/ultratrail-angkor.com\/index.php?rest_route=\/wp\/v2\/users\/3"}],"replies":[{"embeddable":true,"href":"https:\/\/ultratrail-angkor.com\/index.php?rest_route=%2Fwp%2Fv2%2Fcomments&post=10423"}],"version-history":[{"count":7,"href":"https:\/\/ultratrail-angkor.com\/index.php?rest_route=\/wp\/v2\/pages\/10423\/revisions"}],"predecessor-version":[{"id":12606,"href":"https:\/\/ultratrail-angkor.com\/index.php?rest_route=\/wp\/v2\/pages\/10423\/revisions\/12606"}],"wp:attachment":[{"href":"https:\/\/ultratrail-angkor.com\/index.php?rest_route=%2Fwp%2Fv2%2Fmedia&parent=10423"}],"curies":[{"name":"wp","href":"https:\/\/api.w.org\/{rel}","templated":true}]}}