{"id":10653,"date":"2023-03-23T11:51:03","date_gmt":"2023-03-23T10:51:03","guid":{"rendered":"https:\/\/ultratrail-angkor.com\/?page_id=10653"},"modified":"2023-03-23T11:52:02","modified_gmt":"2023-03-23T10:52:02","slug":"devenez-partenaire","status":"publish","type":"page","link":"https:\/\/ultratrail-angkor.com\/?page_id=10653","title":{"rendered":"Devenez partenaire"},"content":{"rendered":"<p><span style=\"font-size: 18px;\"><strong>DEVENEZ PARTENAIRE en participant\u00a0mat\u00e9riellement\u00a0ou financi\u00e8rement \u00e0 cette \u00e9preuve exceptionnelle qui se d\u00e9roule au\u00a0c\u0153ur\u00a0des temples d\u2019Angkor, joyaux du Cambodge.<\/strong><\/span><\/p>\n<p><span style=\"font-size: 18px;\"><strong><img loading=\"lazy\" decoding=\"async\" class=\"alignleft size-medium wp-image-10654\" src=\"https:\/\/ultratrail-angkor.com\/wp-content\/uploads\/2023\/03\/Partenariat-SDPO-Shutterstock-300x200.jpg\" alt=\"\" width=\"300\" height=\"200\" srcset=\"https:\/\/ultratrail-angkor.com\/wp-content\/uploads\/2023\/03\/Partenariat-SDPO-Shutterstock-300x200.jpg 300w, https:\/\/ultratrail-angkor.com\/wp-content\/uploads\/2023\/03\/Partenariat-SDPO-Shutterstock-768x512.jpg 768w, https:\/\/ultratrail-angkor.com\/wp-content\/uploads\/2023\/03\/Partenariat-SDPO-Shutterstock-280x187.jpg 280w, https:\/\/ultratrail-angkor.com\/wp-content\/uploads\/2023\/03\/Partenariat-SDPO-Shutterstock.jpg 1000w\" sizes=\"auto, (max-width: 300px) 100vw, 300px\" \/>Sponsors et contreparties<\/strong><\/span><br \/>\n<span style=\"font-size: 18px;\">Elles sont multiples. L\u2019image est tr\u00e8s porteuse. C\u2019est celle de l\u2019aventure et de sa pr\u00e9paration, de la pers\u00e9v\u00e9rance et de sa t\u00e9nacit\u00e9. C\u2019est celle de l\u2019exploit sportif, de la course sans sophistication, de la performance et de l\u2019effort. C\u2019est aussi l\u2019image du voyage, de la rencontre entre les cultures, rencontre plus vraie parce que les gens que l\u2019on croise peuvent eux aussi courir. C\u2019est encore un esprit, ou pour r\u00e9ussir, il faut une \u00e9quipe autonome, solidaire et organis\u00e9e.<\/span><\/p>\n<p><span style=\"font-size: 18px;\">Vous trouverez dans la rubrique\u00a0<a href=\"https:\/\/ultratrail-angkor.com\/sponsors-officiels\/\"><strong>\u00ab\u00a0SPONSORS OFFICIELS\u00a0\u00bb<\/strong><\/a>\u00a0les entreprises qui accompagnent l\u2019Ultra Trail d\u2019Angkor. Cet espace a pour objet de pr\u00e9senter ceux qui nous suivent\u00a0 et qui font confiance \u00e0 notre organisation.<\/span><\/p>\n<p><span style=\"font-size: 18px;\"><strong>Partenariat Double avec l\u2019Ultra Trail d\u2019Angkor<\/strong><\/span><br \/>\n<span style=\"font-size: 18px;\">\u25cf Communication en France et \u00e0 l\u2019International (39 pays engag\u00e9s lors de la derni\u00e8re \u00e9dition)<\/span><br \/>\n<span style=\"font-size: 18px;\">\u25cf Communication \u00e0 tous les clients de Phoenix Voyages r\u00e9partis dans le monde (agences de voyages)<\/span><br \/>\n<span style=\"font-size: 18px;\">\u25cf Communication \u00e0 tous les clients de RUNNING Attitude<\/span><br \/>\n<span style=\"font-size: 18px;\">\u25cf Contribuer \u00e0 renforcer notre futur partenariat<\/span><br \/>\n<span style=\"font-size: 18px;\">\u2192 Fournisseur Exclusif officiel de la course<\/span><\/p>\n<p><span style=\"font-size: 18px;\"><strong>Diff\u00e9rents partenariats peuvent \u00eatre aussi effectu\u00e9s sous forme d\u2019\u00e9changes de mat\u00e9riels (informatique,\u00a0ravitaillement, restauration, \u00e9quipements, communication, balisage, humanitaire)\u2026<\/strong><\/span><\/p>\n<p><span style=\"font-size: 18px;\">Si l\u2019Aventure vous tente, nous vous invitons \u00e0 nous contacter en mentionnant le\u00a0nom et coordonn\u00e9es de votre soci\u00e9t\u00e9, nous tenons \u00e0 votre dispositions un dossier complet de propositions:\u00a0\u00a0<a href=\"mailto:sdpo@sdpo.com\">sdpo@sdpo.com<\/a><\/span><\/p>\n<p><span style=\"font-size: 18px;\">Depuis sa cr\u00e9ation en 1996, beaucoup de partenaires ont accompagn\u00e9 notre organisation et SDPO n\u2019existerait pas sans leurs concours m\u00e9dicaux, sportifs et financiers.<\/span><\/p>\n<p><span style=\"font-size: 18px;\"><a href=\"https:\/\/ultratrail-angkor.com\/sponsors-officiels\/\"><strong>L\u2019Ultra Trail d\u2019Angkor a re\u00e7u le soutien<\/strong><\/a> du\u00a0 COMITE NATIONAL OLYMPIQUE CAMBODGIEN, de D\u00c9CATHLON Cambodia, DEVI Naturel mineral water, QUAD Adventure,\u00a0 INSTAVOX, MEE CHIET, ESPRIT TRAIL, GP3E, PIROG, RUNNING,\u00a0 SALA BA\u00cf, le minist\u00e8re du TOURISME CAMBODGIEN\u00a0 qui s\u2019associent \u00e0 cet \u00e9v\u00e9nement au c\u00f4t\u00e9 de SDPO.<\/span><\/p>\n<p><span style=\"font-size: 18px;\"><em><b>Notre objectif \u00e9tant de faire de cette \u00e9preuve un \u00e9v\u00e9nement incontournable et de valoriser les entreprises qui nous aident\u2026<\/b><\/em><\/span><\/p>\n<p>&nbsp;<\/p>\n<p><span style=\"font-size: 18px;\">Jean Claude LE CORNEC \u2013 Organisateur de l\u2019Ultra Trail d\u2019Angkor<br \/>\n<\/span><span style=\"font-size: 18px;\"><strong>Pour information<\/strong>:\u00a0<a href=\"https:\/\/ultratrail-angkor.com\/\">www.ultratrail-angkor.com<\/a><br \/>\n<\/span><span style=\"font-size: 18px;\">Contact : Jean Claude LE CORNEC<\/span><br \/>\n<span style=\"font-size: 18px;\">Email :\u00a0<a href=\"mailto:sdpo@sdpo.com\">sdpo@sdpo.com<\/a><\/span><\/p>\n","protected":false},"excerpt":{"rendered":"<p>DEVENEZ PARTENAIRE en participant\u00a0mat\u00e9riellement\u00a0ou financi\u00e8rement \u00e0 cette \u00e9preuve exceptionnelle qui se d\u00e9roule au\u00a0c\u0153ur\u00a0des temples d\u2019Angkor, joyaux du Cambodge. Sponsors et contreparties Elles sont multiples. L\u2019image est tr\u00e8s porteuse. C\u2019est celle de l\u2019aventure et de sa pr\u00e9paration, de la pers\u00e9v\u00e9rance et de sa t\u00e9nacit\u00e9. C\u2019est celle de l\u2019exploit sportif, de la course sans sophistication, de la<\/p>\n","protected":false},"author":3,"featured_media":0,"parent":0,"menu_order":0,"comment_status":"closed","ping_status":"closed","template":"","meta":{"footnotes":""},"class_list":["post-10653","page","type-page","status-publish","hentry"],"_links":{"self":[{"href":"https:\/\/ultratrail-angkor.com\/index.php?rest_route=\/wp\/v2\/pages\/10653","targetHints":{"allow":["GET"]}}],"collection":[{"href":"https:\/\/ultratrail-angkor.com\/index.php?rest_route=\/wp\/v2\/pages"}],"about":[{"href":"https:\/\/ultratrail-angkor.com\/index.php?rest_route=\/wp\/v2\/types\/page"}],"author":[{"embeddable":true,"href":"https:\/\/ultratrail-angkor.com\/index.php?rest_route=\/wp\/v2\/users\/3"}],"replies":[{"embeddable":true,"href":"https:\/\/ultratrail-angkor.com\/index.php?rest_route=%2Fwp%2Fv2%2Fcomments&post=10653"}],"version-history":[{"count":1,"href":"https:\/\/ultratrail-angkor.com\/index.php?rest_route=\/wp\/v2\/pages\/10653\/revisions"}],"predecessor-version":[{"id":10655,"href":"https:\/\/ultratrail-angkor.com\/index.php?rest_route=\/wp\/v2\/pages\/10653\/revisions\/10655"}],"wp:attachment":[{"href":"https:\/\/ultratrail-angkor.com\/index.php?rest_route=%2Fwp%2Fv2%2Fmedia&parent=10653"}],"curies":[{"name":"wp","href":"https:\/\/api.w.org\/{rel}","templated":true}]}}