{"id":2806,"date":"2025-07-07T13:39:32","date_gmt":"2025-07-07T11:39:32","guid":{"rendered":"http:\/\/ultratrail.loc\/?page_id=2806"},"modified":"2025-07-08T18:20:24","modified_gmt":"2025-07-08T16:20:24","slug":"humanitaire","status":"publish","type":"page","link":"https:\/\/ultratrail-angkor.com\/?page_id=2806","title":{"rendered":"Humanitaire"},"content":{"rendered":"\r\n<p class=\"has-medium-font-size\"><span style=\"font-size: 18px;\"><strong>ET SI NOUS COURIONS POUR UNE BONNE CAUSE\u00a0:<\/strong><\/span><\/p>\r\n<p><span style=\"font-size: 18px;\"><strong>AIDEZ NOS OP\u00c9RATIONS HUMANITAIRES<\/strong> : <a href=\"https:\/\/racebooking.sdpo.com\/ANGKOR-ULTRA-TRAIL-2026\/donation.html\"><span style=\"color: #0000ff;\">https:\/\/racebooking.sdpo.com\/ANGKOR-ULTRA-TRAIL-2026\/donation.html<\/span><\/a><\/span><\/p>\r\n<p><span style=\"font-size: 18px;\">\r\n\r\n<\/span><\/p>\r\n<p><span style=\"font-size: 18px;\">\r\n\r\n<\/span><\/p>\r\n<p><span style=\"font-size: 18px;\">Nous allons courir dans une partie du globe ou m\u00eame si la pauvret\u00e9 recule, une partie de la population vit en dessous du seuil de pauvret\u00e9 et lutte pour survivre avec moins d\u2019un dollar US par jour. La pauvret\u00e9 est particuli\u00e8rement r\u00e9pandue dans les zones rurales et chez les enfants, qui constituent plus de la moiti\u00e9 de la\u00a0 population du pays. La plupart des enfants cambodgiens souffrent de malnutrition : 45 pour cent des enfants montrent des signes de retard de croissance mod\u00e9r\u00e9 ou s\u00e9v\u00e8re. (source UNICEF).<\/span><\/p>\r\n<p><span style=\"font-size: 18px;\">Comme chaque ann\u00e9e, SDPO d\u00e9j\u00e0 Parrain de l\u2019Asst\u00b0 Mr Nez Rouge et l\u2019ensemble des coureurs de l\u2019UTA participent \u00e0 leur mani\u00e8re \u00e0 aider les plus d\u00e9munis. <strong>3 ONG , \u00e9coles, villages b\u00e9n\u00e9ficient de l\u2019aide humanitaire<\/strong> sous forme de dons financiers ou de v\u00eatements, de fournitures scolaires, de jouets&#8230;<\/span><\/p>\r\n<p><span style=\"font-size: 18px;\"><strong>OP\u00c9RATION EN COURS,<\/strong> mise en place de pompes \u00e0 eau, r\u00e9fection compl\u00e8te de toiture d&rsquo;\u00e9cole&#8230;<\/span><\/p>\r\n<p><span style=\"font-size: 18px;\">L&rsquo;\u00e9quipe de SDPO et gr\u00e2ce \u00e0 un don d\u2019un g\u00e9n\u00e9reux donateur inscrit sur l\u2019UTA, Michel Bach, ont particip\u00e9 \u00e0 la <strong>reconstruction du pont \u00e0 Banteay Samre<\/strong>. Ce pont baptis\u00e9 par les coureurs \u00ab Pont Saint Michel \u00bb participera sans aucun doute \u00e0 l\u2019am\u00e9lioration de la vie des villageois cambodgiens.<\/span><\/p>\r\n\r\n\r\n\r\n\r\n\r\n\r\n\r\n\r\n\r\n<p class=\"has-normal-font-size\">\r\n\r\n\r\n\r\n\r\n","protected":false},"excerpt":{"rendered":"<p>ET SI NOUS COURIONS POUR UNE BONNE CAUSE\u00a0: AIDEZ NOS OP\u00c9RATIONS HUMANITAIRES : https:\/\/racebooking.sdpo.com\/ANGKOR-ULTRA-TRAIL-2026\/donation.html Nous allons courir dans une partie du globe ou m\u00eame si la pauvret\u00e9 recule, une partie de la population vit en dessous du seuil de pauvret\u00e9 et lutte pour survivre avec moins d\u2019un dollar US par jour. La pauvret\u00e9 est particuli\u00e8rement<\/p>\n","protected":false},"author":1,"featured_media":0,"parent":0,"menu_order":0,"comment_status":"closed","ping_status":"closed","template":"","meta":{"footnotes":""},"class_list":["post-2806","page","type-page","status-publish","hentry"],"_links":{"self":[{"href":"https:\/\/ultratrail-angkor.com\/index.php?rest_route=\/wp\/v2\/pages\/2806","targetHints":{"allow":["GET"]}}],"collection":[{"href":"https:\/\/ultratrail-angkor.com\/index.php?rest_route=\/wp\/v2\/pages"}],"about":[{"href":"https:\/\/ultratrail-angkor.com\/index.php?rest_route=\/wp\/v2\/types\/page"}],"author":[{"embeddable":true,"href":"https:\/\/ultratrail-angkor.com\/index.php?rest_route=\/wp\/v2\/users\/1"}],"replies":[{"embeddable":true,"href":"https:\/\/ultratrail-angkor.com\/index.php?rest_route=%2Fwp%2Fv2%2Fcomments&post=2806"}],"version-history":[{"count":25,"href":"https:\/\/ultratrail-angkor.com\/index.php?rest_route=\/wp\/v2\/pages\/2806\/revisions"}],"predecessor-version":[{"id":12831,"href":"https:\/\/ultratrail-angkor.com\/index.php?rest_route=\/wp\/v2\/pages\/2806\/revisions\/12831"}],"wp:attachment":[{"href":"https:\/\/ultratrail-angkor.com\/index.php?rest_route=%2Fwp%2Fv2%2Fmedia&parent=2806"}],"curies":[{"name":"wp","href":"https:\/\/api.w.org\/{rel}","templated":true}]}}