{"id":3449,"date":"2019-07-24T10:56:29","date_gmt":"2019-07-24T08:56:29","guid":{"rendered":"https:\/\/ultratrail-angkor.com\/?page_id=3449"},"modified":"2021-11-01T12:20:35","modified_gmt":"2021-11-01T11:20:35","slug":"aider-le-cambodge","status":"publish","type":"page","link":"https:\/\/ultratrail-angkor.com\/?page_id=3449","title":{"rendered":"Aider le Cambodge"},"content":{"rendered":"\n<p>L\u2019ultra Trail d\u2019Angkor supporte 3 ONGs, c\u2019est une association \u00e0 but non lucratif tous les les b\u00e9n\u00e9fices sont donc revers\u00e9s \u00e0 c\u2019est 3 ONGs qui sont Sala Bai, ABCs and rice et Care for Cambodia.<\/p>\n\n\n\n<p>Voici une br\u00e8ve pr\u00e9sentation de ces diff\u00e9rentes associations :<\/p>\n\n\n\n<div class=\"wp-block-image\"><figure class=\"aligncenter size-thumbnail\"><img loading=\"lazy\" decoding=\"async\" width=\"150\" height=\"150\" src=\"https:\/\/ultratrail-angkor.com\/wp-content\/uploads\/2019\/10\/Sala-Ba\u00ef-LOGO-SQUARE-orange-150x150.jpg\" alt=\"\" class=\"wp-image-5342\" srcset=\"https:\/\/ultratrail-angkor.com\/wp-content\/uploads\/2019\/10\/Sala-Ba\u00ef-LOGO-SQUARE-orange-150x150.jpg 150w, https:\/\/ultratrail-angkor.com\/wp-content\/uploads\/2019\/10\/Sala-Ba\u00ef-LOGO-SQUARE-orange-300x300.jpg 300w, https:\/\/ultratrail-angkor.com\/wp-content\/uploads\/2019\/10\/Sala-Ba\u00ef-LOGO-SQUARE-orange-187x187.jpg 187w, https:\/\/ultratrail-angkor.com\/wp-content\/uploads\/2019\/10\/Sala-Ba\u00ef-LOGO-SQUARE-orange.jpg 453w\" sizes=\"auto, (max-width: 150px) 100vw, 150px\" \/><\/figure><\/div>\n\n\n\n<p>L\u2019ONG fran\u00e7aise&nbsp;<a rel=\"noreferrer noopener\" href=\"http:\/\/www.agirpourlecambodge.org\/\" target=\"_blank\">Agir pour le Cambodge (APLC)<\/a>, fond\u00e9e en 1985, a cr\u00e9\u00e9 le programme Sala Ba\u00ef en 2002 pour lutter contre la pauvret\u00e9 et le trafic d\u2019\u00eatres humains au Cambodge, par la formation et l\u2019insertion professionnelles de jeunes d\u00e9favoris\u00e9s.<\/p>\n\n\n\n<p>Venir d\u00e9jeuner ou s\u00e9journer \u00e0 Sala Ba\u00ef c\u2019est donner une autre dimension \u00e0 votre visite du Cambodge. Vous permettrez \u00e0 de jeunes Cambodgiens d\u00e9favoris\u00e9s en cours d\u2019apprentissage professionnel de pouvoir pratiquer dans des conditions r\u00e9elles tout en participant au financement de leur formation.&nbsp;<br><strong><a rel=\"noreferrer noopener\" href=\"https:\/\/www.salabai.com\/ecole\/\" target=\"_blank\">En savoir plus<\/a><\/strong>  <a href=\"https:\/\/www.salabai.com\/fr\/\">https:\/\/www.salabai.com\/fr\/<\/a> <br><\/p>\n\n\n\n<figure class=\"wp-block-gallery aligncenter columns-3 is-cropped wp-block-gallery-1 is-layout-flex wp-block-gallery-is-layout-flex\"><ul class=\"blocks-gallery-grid\"><li class=\"blocks-gallery-item\"><figure><img loading=\"lazy\" decoding=\"async\" width=\"1024\" height=\"683\" src=\"https:\/\/ultratrail-angkor.com\/wp-content\/uploads\/2019\/10\/IMG_0235-1024x683.jpg\" alt=\"\" data-id=\"5338\" data-full-url=\"https:\/\/ultratrail-angkor.com\/wp-content\/uploads\/2019\/10\/IMG_0235.jpg\" data-link=\"https:\/\/ultratrail-angkor.com\/?attachment_id=5338\" class=\"wp-image-5338\" srcset=\"https:\/\/ultratrail-angkor.com\/wp-content\/uploads\/2019\/10\/IMG_0235-1024x683.jpg 1024w, https:\/\/ultratrail-angkor.com\/wp-content\/uploads\/2019\/10\/IMG_0235-300x200.jpg 300w, https:\/\/ultratrail-angkor.com\/wp-content\/uploads\/2019\/10\/IMG_0235-768x512.jpg 768w, https:\/\/ultratrail-angkor.com\/wp-content\/uploads\/2019\/10\/IMG_0235-280x187.jpg 280w, https:\/\/ultratrail-angkor.com\/wp-content\/uploads\/2019\/10\/IMG_0235-1170x780.jpg 1170w\" sizes=\"auto, (max-width: 1024px) 100vw, 1024px\" \/><\/figure><\/li><li class=\"blocks-gallery-item\"><figure><img loading=\"lazy\" decoding=\"async\" width=\"1024\" height=\"681\" src=\"https:\/\/ultratrail-angkor.com\/wp-content\/uploads\/2019\/10\/rod-anderwartha-picture-beauty-therapy-students-1-1024x681.png\" alt=\"\" data-id=\"5339\" data-full-url=\"https:\/\/ultratrail-angkor.com\/wp-content\/uploads\/2019\/10\/rod-anderwartha-picture-beauty-therapy-students-1.png\" data-link=\"https:\/\/ultratrail-angkor.com\/?attachment_id=5339\" class=\"wp-image-5339\" srcset=\"https:\/\/ultratrail-angkor.com\/wp-content\/uploads\/2019\/10\/rod-anderwartha-picture-beauty-therapy-students-1-1024x681.png 1024w, https:\/\/ultratrail-angkor.com\/wp-content\/uploads\/2019\/10\/rod-anderwartha-picture-beauty-therapy-students-1-300x200.png 300w, https:\/\/ultratrail-angkor.com\/wp-content\/uploads\/2019\/10\/rod-anderwartha-picture-beauty-therapy-students-1-768x511.png 768w, https:\/\/ultratrail-angkor.com\/wp-content\/uploads\/2019\/10\/rod-anderwartha-picture-beauty-therapy-students-1-280x187.png 280w, https:\/\/ultratrail-angkor.com\/wp-content\/uploads\/2019\/10\/rod-anderwartha-picture-beauty-therapy-students-1.png 1118w\" sizes=\"auto, (max-width: 1024px) 100vw, 1024px\" \/><\/figure><\/li><li class=\"blocks-gallery-item\"><figure><img loading=\"lazy\" decoding=\"async\" width=\"1024\" height=\"683\" src=\"https:\/\/ultratrail-angkor.com\/wp-content\/uploads\/2019\/10\/sala-bai-restaurant-bar-laugh-1-1024x683.jpg\" alt=\"\" data-id=\"5340\" data-full-url=\"https:\/\/ultratrail-angkor.com\/wp-content\/uploads\/2019\/10\/sala-bai-restaurant-bar-laugh-1.jpg\" data-link=\"https:\/\/ultratrail-angkor.com\/?attachment_id=5340\" class=\"wp-image-5340\" srcset=\"https:\/\/ultratrail-angkor.com\/wp-content\/uploads\/2019\/10\/sala-bai-restaurant-bar-laugh-1-1024x683.jpg 1024w, https:\/\/ultratrail-angkor.com\/wp-content\/uploads\/2019\/10\/sala-bai-restaurant-bar-laugh-1-300x200.jpg 300w, https:\/\/ultratrail-angkor.com\/wp-content\/uploads\/2019\/10\/sala-bai-restaurant-bar-laugh-1-768x512.jpg 768w, https:\/\/ultratrail-angkor.com\/wp-content\/uploads\/2019\/10\/sala-bai-restaurant-bar-laugh-1-280x187.jpg 280w, https:\/\/ultratrail-angkor.com\/wp-content\/uploads\/2019\/10\/sala-bai-restaurant-bar-laugh-1-1170x780.jpg 1170w, https:\/\/ultratrail-angkor.com\/wp-content\/uploads\/2019\/10\/sala-bai-restaurant-bar-laugh-1.jpg 1200w\" sizes=\"auto, (max-width: 1024px) 100vw, 1024px\" \/><\/figure><\/li><\/ul><\/figure>\n\n\n\n<div class=\"wp-block-image\"><figure class=\"aligncenter size-thumbnail\"><img loading=\"lazy\" decoding=\"async\" width=\"150\" height=\"150\" src=\"https:\/\/ultratrail-angkor.com\/wp-content\/uploads\/2020\/03\/abcs-150x150.jpg\" alt=\"\" class=\"wp-image-6812\" srcset=\"https:\/\/ultratrail-angkor.com\/wp-content\/uploads\/2020\/03\/abcs-150x150.jpg 150w, https:\/\/ultratrail-angkor.com\/wp-content\/uploads\/2020\/03\/abcs-187x187.jpg 187w, https:\/\/ultratrail-angkor.com\/wp-content\/uploads\/2020\/03\/abcs.jpg 255w\" sizes=\"auto, (max-width: 150px) 100vw, 150px\" \/><\/figure><\/div>\n\n\n\n<p>ABCs and Rice offre une \u00e9ducation, une nutrition et des soins gratuits aux enfants de Siem Reap au Cambodge, dans les zones du village de Sala et Kroligne. Parfois, c&rsquo;est aussi un refuge pour les enfants autrement vuln\u00e9rables au travail des enfants, \u00e0 la n\u00e9gligence et dans certains cas aux abus.<\/p>\n\n\n\n<p>Les familles ont souvent du mal \u00e0 envoyer leurs enfants \u00e0 l&rsquo;\u00e9cole en raison de la pauvret\u00e9 accablante, en particulier dans les villages. Dans certains cas, l&rsquo;\u00e9conomie d\u00e9passe leur d\u00e9sir de scolariser leurs enfants.<\/p>\n\n\n\n<p>ABCs and Rice travaille avec les chefs de village locaux pour cibler les familles qui en ont le plus besoin en leur offrant une place \u00e0 l&rsquo;\u00e9cole. Cela permet \u00e0 la famille d&rsquo;acc\u00e9der au programme du riz.<\/p>\n\n\n\n<p>L&rsquo;ABC and Rice a une vision holistique de l&rsquo;\u00e9ducation et de l&rsquo;autonomisation des communaut\u00e9s. Pour en savoir plus, allez  sur : <a href=\"https:\/\/www.abcrice.org\/\">https:\/\/www.abcrice.org\/<\/a> <\/p>\n\n\n\n<figure class=\"wp-block-gallery columns-2 is-cropped wp-block-gallery-2 is-layout-flex wp-block-gallery-is-layout-flex\"><ul class=\"blocks-gallery-grid\"><li class=\"blocks-gallery-item\"><figure><img loading=\"lazy\" decoding=\"async\" width=\"700\" height=\"525\" src=\"https:\/\/ultratrail-angkor.com\/wp-content\/uploads\/2019\/07\/dsc01377-1.jpg\" alt=\"\" data-id=\"3451\" class=\"wp-image-3451\" srcset=\"https:\/\/ultratrail-angkor.com\/wp-content\/uploads\/2019\/07\/dsc01377-1.jpg 700w, https:\/\/ultratrail-angkor.com\/wp-content\/uploads\/2019\/07\/dsc01377-1-300x225.jpg 300w, https:\/\/ultratrail-angkor.com\/wp-content\/uploads\/2019\/07\/dsc01377-1-249x187.jpg 249w\" sizes=\"auto, (max-width: 700px) 100vw, 700px\" \/><\/figure><\/li><li class=\"blocks-gallery-item\"><figure><img loading=\"lazy\" decoding=\"async\" width=\"600\" height=\"450\" src=\"https:\/\/ultratrail-angkor.com\/wp-content\/uploads\/2020\/03\/abc.jpg\" alt=\"\" data-id=\"6819\" data-full-url=\"https:\/\/ultratrail-angkor.com\/wp-content\/uploads\/2020\/03\/abc.jpg\" data-link=\"https:\/\/ultratrail-angkor.com\/?attachment_id=6819\" class=\"wp-image-6819\" srcset=\"https:\/\/ultratrail-angkor.com\/wp-content\/uploads\/2020\/03\/abc.jpg 600w, https:\/\/ultratrail-angkor.com\/wp-content\/uploads\/2020\/03\/abc-300x225.jpg 300w, https:\/\/ultratrail-angkor.com\/wp-content\/uploads\/2020\/03\/abc-249x187.jpg 249w\" sizes=\"auto, (max-width: 600px) 100vw, 600px\" \/><\/figure><\/li><\/ul><\/figure>\n\n\n\n<div class=\"wp-block-image\"><figure class=\"aligncenter size-medium\"><img loading=\"lazy\" decoding=\"async\" width=\"300\" height=\"119\" src=\"https:\/\/ultratrail-angkor.com\/wp-content\/uploads\/2020\/03\/CFC_Logo-CMYK-300x119.jpg\" alt=\"\" class=\"wp-image-6813\" srcset=\"https:\/\/ultratrail-angkor.com\/wp-content\/uploads\/2020\/03\/CFC_Logo-CMYK-300x119.jpg 300w, https:\/\/ultratrail-angkor.com\/wp-content\/uploads\/2020\/03\/CFC_Logo-CMYK-1024x408.jpg 1024w, https:\/\/ultratrail-angkor.com\/wp-content\/uploads\/2020\/03\/CFC_Logo-CMYK-768x306.jpg 768w, https:\/\/ultratrail-angkor.com\/wp-content\/uploads\/2020\/03\/CFC_Logo-CMYK-1536x611.jpg 1536w, https:\/\/ultratrail-angkor.com\/wp-content\/uploads\/2020\/03\/CFC_Logo-CMYK-280x111.jpg 280w, https:\/\/ultratrail-angkor.com\/wp-content\/uploads\/2020\/03\/CFC_Logo-CMYK-1170x466.jpg 1170w, https:\/\/ultratrail-angkor.com\/wp-content\/uploads\/2020\/03\/CFC_Logo-CMYK.jpg 1613w\" sizes=\"auto, (max-width: 300px) 100vw, 300px\" \/><\/figure><\/div>\n\n\n\n<p>Care for Cambodia supporte pour sa part le peuple cambodgiens de diff\u00e9rentes mani\u00e8res : favoriser et cr\u00e9er des projets familiaux, donner acc\u00e8s \u00e0 l\u2019\u00e9ducation \u00e0 la toute jeune g\u00e9n\u00e9ration, permettre \u00e0 la jeunesse de construire le future qu\u2019elle m\u00e9rite. &nbsp;<\/p>\n\n\n\n<figure class=\"wp-block-embed-wordpress wp-block-embed is-type-wp-embed is-provider-care-for-cambodia\"><div class=\"wp-block-embed__wrapper\">\nhttp:\/\/careforcambodia.org.kh\n<\/div><figcaption><br><br><\/figcaption><\/figure>\n\n\n\n<figure class=\"wp-block-image\"><img loading=\"lazy\" decoding=\"async\" width=\"960\" height=\"718\" src=\"https:\/\/ultratrail-angkor.com\/wp-content\/uploads\/2019\/07\/fd292c_e96963c5cd1a4a4c993f7d9e3af8e8dc-1.jpg\" alt=\"\" class=\"wp-image-3452\" srcset=\"https:\/\/ultratrail-angkor.com\/wp-content\/uploads\/2019\/07\/fd292c_e96963c5cd1a4a4c993f7d9e3af8e8dc-1.jpg 960w, https:\/\/ultratrail-angkor.com\/wp-content\/uploads\/2019\/07\/fd292c_e96963c5cd1a4a4c993f7d9e3af8e8dc-1-300x224.jpg 300w, https:\/\/ultratrail-angkor.com\/wp-content\/uploads\/2019\/07\/fd292c_e96963c5cd1a4a4c993f7d9e3af8e8dc-1-768x574.jpg 768w, https:\/\/ultratrail-angkor.com\/wp-content\/uploads\/2019\/07\/fd292c_e96963c5cd1a4a4c993f7d9e3af8e8dc-1-250x187.jpg 250w\" sizes=\"auto, (max-width: 960px) 100vw, 960px\" \/><\/figure>\n\n\n\n<figure class=\"wp-block-image\"><img loading=\"lazy\" decoding=\"async\" width=\"960\" height=\"960\" src=\"https:\/\/ultratrail-angkor.com\/wp-content\/uploads\/2019\/07\/fd292c_f9fac1b9905545fda44db10932fc4ff5-1.jpg\" alt=\"\" class=\"wp-image-3453\" srcset=\"https:\/\/ultratrail-angkor.com\/wp-content\/uploads\/2019\/07\/fd292c_f9fac1b9905545fda44db10932fc4ff5-1.jpg 960w, https:\/\/ultratrail-angkor.com\/wp-content\/uploads\/2019\/07\/fd292c_f9fac1b9905545fda44db10932fc4ff5-1-150x150.jpg 150w, https:\/\/ultratrail-angkor.com\/wp-content\/uploads\/2019\/07\/fd292c_f9fac1b9905545fda44db10932fc4ff5-1-300x300.jpg 300w, https:\/\/ultratrail-angkor.com\/wp-content\/uploads\/2019\/07\/fd292c_f9fac1b9905545fda44db10932fc4ff5-1-768x768.jpg 768w, https:\/\/ultratrail-angkor.com\/wp-content\/uploads\/2019\/07\/fd292c_f9fac1b9905545fda44db10932fc4ff5-1-187x187.jpg 187w\" sizes=\"auto, (max-width: 960px) 100vw, 960px\" \/><\/figure>\n\n\n\n<figure class=\"wp-block-image\"><img loading=\"lazy\" decoding=\"async\" width=\"960\" height=\"636\" src=\"https:\/\/ultratrail-angkor.com\/wp-content\/uploads\/2019\/07\/fd292c_a4ea0accb5d8474b9d4f33e1ca980125.jpg\" alt=\"\" class=\"wp-image-3455\" srcset=\"https:\/\/ultratrail-angkor.com\/wp-content\/uploads\/2019\/07\/fd292c_a4ea0accb5d8474b9d4f33e1ca980125.jpg 960w, https:\/\/ultratrail-angkor.com\/wp-content\/uploads\/2019\/07\/fd292c_a4ea0accb5d8474b9d4f33e1ca980125-300x199.jpg 300w, https:\/\/ultratrail-angkor.com\/wp-content\/uploads\/2019\/07\/fd292c_a4ea0accb5d8474b9d4f33e1ca980125-768x509.jpg 768w, https:\/\/ultratrail-angkor.com\/wp-content\/uploads\/2019\/07\/fd292c_a4ea0accb5d8474b9d4f33e1ca980125-280x187.jpg 280w\" sizes=\"auto, (max-width: 960px) 100vw, 960px\" \/><\/figure>\n","protected":false},"excerpt":{"rendered":"<p>L\u2019ultra Trail d\u2019Angkor supporte 3 ONGs, c\u2019est une association \u00e0 but non lucratif tous les les b\u00e9n\u00e9fices sont donc revers\u00e9s \u00e0 c\u2019est 3 ONGs qui sont Sala Bai, ABCs and rice et Care for Cambodia. Voici une br\u00e8ve pr\u00e9sentation de ces diff\u00e9rentes associations : L\u2019ONG fran\u00e7aise&nbsp;Agir pour le Cambodge (APLC), fond\u00e9e en 1985, a cr\u00e9\u00e9<\/p>\n","protected":false},"author":1,"featured_media":0,"parent":0,"menu_order":0,"comment_status":"closed","ping_status":"closed","template":"","meta":{"footnotes":""},"class_list":["post-3449","page","type-page","status-publish","hentry"],"_links":{"self":[{"href":"https:\/\/ultratrail-angkor.com\/index.php?rest_route=\/wp\/v2\/pages\/3449","targetHints":{"allow":["GET"]}}],"collection":[{"href":"https:\/\/ultratrail-angkor.com\/index.php?rest_route=\/wp\/v2\/pages"}],"about":[{"href":"https:\/\/ultratrail-angkor.com\/index.php?rest_route=\/wp\/v2\/types\/page"}],"author":[{"embeddable":true,"href":"https:\/\/ultratrail-angkor.com\/index.php?rest_route=\/wp\/v2\/users\/1"}],"replies":[{"embeddable":true,"href":"https:\/\/ultratrail-angkor.com\/index.php?rest_route=%2Fwp%2Fv2%2Fcomments&post=3449"}],"version-history":[{"count":7,"href":"https:\/\/ultratrail-angkor.com\/index.php?rest_route=\/wp\/v2\/pages\/3449\/revisions"}],"predecessor-version":[{"id":6820,"href":"https:\/\/ultratrail-angkor.com\/index.php?rest_route=\/wp\/v2\/pages\/3449\/revisions\/6820"}],"wp:attachment":[{"href":"https:\/\/ultratrail-angkor.com\/index.php?rest_route=%2Fwp%2Fv2%2Fmedia&parent=3449"}],"curies":[{"name":"wp","href":"https:\/\/api.w.org\/{rel}","templated":true}]}}