{"id":3782,"date":"2019-07-30T03:35:25","date_gmt":"2019-07-30T01:35:25","guid":{"rendered":"https:\/\/ultratrail-angkor.com\/?page_id=3782"},"modified":"2026-01-24T08:00:16","modified_gmt":"2026-01-24T07:00:16","slug":"les-resultats","status":"publish","type":"page","link":"https:\/\/ultratrail-angkor.com\/?page_id=3782","title":{"rendered":"R\u00e9sultats des \u00e9ditions pr\u00e9c\u00e9dentes"},"content":{"rendered":"\r\n<p><img loading=\"lazy\" decoding=\"async\" class=\"wp-image-10386 aligncenter\" src=\"https:\/\/ultratrail-angkor.com\/wp-content\/uploads\/2023\/03\/CMP-Ultratrail2023-72-HR-1024x683.jpg\" alt=\"\" width=\"881\" height=\"587\" srcset=\"https:\/\/ultratrail-angkor.com\/wp-content\/uploads\/2023\/03\/CMP-Ultratrail2023-72-HR-1024x683.jpg 1024w, https:\/\/ultratrail-angkor.com\/wp-content\/uploads\/2023\/03\/CMP-Ultratrail2023-72-HR-300x200.jpg 300w, https:\/\/ultratrail-angkor.com\/wp-content\/uploads\/2023\/03\/CMP-Ultratrail2023-72-HR-768x512.jpg 768w, https:\/\/ultratrail-angkor.com\/wp-content\/uploads\/2023\/03\/CMP-Ultratrail2023-72-HR-1536x1024.jpg 1536w, https:\/\/ultratrail-angkor.com\/wp-content\/uploads\/2023\/03\/CMP-Ultratrail2023-72-HR-2048x1365.jpg 2048w, https:\/\/ultratrail-angkor.com\/wp-content\/uploads\/2023\/03\/CMP-Ultratrail2023-72-HR-280x187.jpg 280w, https:\/\/ultratrail-angkor.com\/wp-content\/uploads\/2023\/03\/CMP-Ultratrail2023-72-HR-1170x780.jpg 1170w\" sizes=\"auto, (max-width: 881px) 100vw, 881px\" \/><\/p>\r\n<div class=\"su-spoiler su-spoiler-style-fancy su-spoiler-icon-chevron su-spoiler-closed\" data-scroll-offset=\"0\" data-anchor-in-url=\"no\"><div class=\"su-spoiler-title\" tabindex=\"0\" role=\"button\"><span class=\"su-spoiler-icon\"><\/span><strong>Results<\/div><div class=\"su-spoiler-content su-u-clearfix su-u-trim\">\r\n<p>100 k &#8211; UTA :<span style=\"color: #000000;\"><span style=\"color: #ff6600;\"><a style=\"color: #ff6600;\" href=\"https:\/\/ultratrail-angkor.com\/wp-content\/uploads\/2025\/01\/ultra-trail-100-km.pdf\">UTA 2025 \u2013 ULTRA100_scratch<\/a><\/span><\/span><\/p>\r\n<p>64 KM &#8211; Bayon Trail \u00a0: <span style=\"color: #000000;\"><span style=\"color: #ff6600;\"><a style=\"color: #ff6600;\" href=\"https:\/\/ultratrail-angkor.com\/wp-content\/uploads\/2025\/01\/bayon-64-km-2.pdf\">UTA 2025 \u2013 BAYON64_scratch<\/a><\/span><\/span><\/p>\r\n<p>42 KM &#8211; Marathon Trail :<span style=\"color: #000000;\"><a style=\"color: #000000;\" href=\"https:\/\/ultratrail-angkor.com\/wp-content\/uploads\/2025\/01\/marathon-42-km.pdf\"><span style=\"color: #ff6600;\">UTA<\/span> <span style=\"color: #ff6600;\">2025 \u2013 MARATH42_scratch<\/span><\/a><\/span><\/p>\r\n<p>32 KM Jungle Trail \u00a0: <span style=\"color: #000000;\"><span style=\"color: #ff6600;\"><a style=\"color: #ff6600;\" href=\"https:\/\/ultratrail-angkor.com\/wp-content\/uploads\/2025\/01\/jungle-32-km.pdf\">UTA 2025 \u2013 JUNGLE32_scratch<\/a><\/span><\/span>\u00a0<\/p>\r\n<p>18 KM Temple Trail \u00a0: <span style=\"color: #000000;\"><span style=\"color: #ff6600;\"><a style=\"color: #ff6600;\" href=\"https:\/\/ultratrail-angkor.com\/wp-content\/uploads\/2025\/01\/temple-18-km.pdf\">UTA 2025 \u2013 TEMPLE18_scratch<\/a><\/span><\/span><\/p>\r\n<p>8 KM Elephant Trail \u00a0:<span style=\"color: #000000;\"><span style=\"color: #ff6600;\"><a style=\"color: #ff6600;\" href=\"https:\/\/ultratrail-angkor.com\/wp-content\/uploads\/2025\/01\/elephant-8-km.pdf\">R\u00e9sultats Elephant Trail 8<\/a><\/span><\/span>\u00a0<\/p>\r\n<\/div><\/div>\r\n<div class=\"su-spoiler su-spoiler-style-fancy su-spoiler-icon-chevron su-spoiler-closed\" data-scroll-offset=\"0\" data-anchor-in-url=\"no\"><div class=\"su-spoiler-title\" tabindex=\"0\" role=\"button\"><span class=\"su-spoiler-icon\"><\/span><strong>Les r\u00e9sultats de l\u2019Ultra Trail Angkor 2024<\/strong><\/div><div class=\"su-spoiler-content su-u-clearfix su-u-trim\">\r\n<p><b>Voici les classements provisoires pour la 7eme \u00e9dition de l&rsquo; Ultra-Trail d&rsquo;ANGOR<\/b><\/p>\r\n<p>Certificat de course : <span style=\"color: #ff6600;\">\u00a0<a style=\"color: #ff6600;\" href=\"https:\/\/certificate-2024.ultratrail-angkor.com\/generateCertificate\">https:\/\/certificate-2024.ultratrail-angkor.com\/generateCertificate<\/a><\/span><\/p>\r\n<p>&nbsp;<\/p>\r\n<p>100 k &#8211; UTA :<span style=\"color: #000000;\"><span style=\"color: #ff6600;\"><a style=\"color: #ff6600;\" href=\"https:\/\/ultratrail-angkor.com\/wp-content\/uploads\/2023\/02\/ultra-trail-100-1.pdf\">UTA 2024 \u2013 ULTRA100_scratch<\/a><\/span><\/span><\/p>\r\n<p>64 KM &#8211; Bayon Trail \u00a0: <span style=\"color: #000000;\"><span style=\"color: #ff6600;\"><a style=\"color: #ff6600;\" href=\"https:\/\/ultratrail-angkor.com\/wp-content\/uploads\/2024\/01\/resultats-bayon-2024.pdf\">UTA 2024 \u2013 BAYON64_scratch<\/a><\/span><\/span><\/p>\r\n<p>42 KM &#8211; Marathon Trail :<span style=\"color: #000000;\"><a style=\"color: #000000;\" href=\"https:\/\/ultratrail-angkor.com\/wp-content\/uploads\/2024\/01\/resultats-marathon-2024.pdf\"><span style=\"color: #ff6600;\">UTA<\/span> <span style=\"color: #ff6600;\">2024 \u2013 MARATH42_scratch<\/span><\/a><\/span><\/p>\r\n<p>32 KM Jungle Trail \u00a0: <span style=\"color: #000000;\"><span style=\"color: #ff6600;\"><a style=\"color: #ff6600;\" href=\"https:\/\/ultratrail-angkor.com\/wp-content\/uploads\/2023\/02\/jungle-32.pdf\">UTA 2024 \u2013 JUNGLE32_scratch<\/a><\/span><\/span>\u00a0<\/p>\r\n<p>18 KM Temple Trail \u00a0: <span style=\"color: #000000;\"><span style=\"color: #ff6600;\"><a style=\"color: #ff6600;\" href=\"https:\/\/ultratrail-angkor.com\/wp-content\/uploads\/2024\/01\/resultats-temple-2024.pdf\">UTA 2024 \u2013 TEMPLE18_scratch<\/a><\/span><\/span><\/p>\r\n<p>8 KM Elephant Trail \u00a0:<span style=\"color: #000000;\"><span style=\"color: #ff6600;\"><a style=\"color: #ff6600;\" href=\"https:\/\/ultratrail-angkor.com\/wp-content\/uploads\/2024\/01\/resultats-elephant-2024.pdf\">R\u00e9sultats Elephant Trail 8<\/a><\/span><\/span>\u00a0<\/p>\r\n<\/div><\/div>\r\n<div class=\"su-spoiler su-spoiler-style-fancy su-spoiler-icon-chevron su-spoiler-closed\" data-scroll-offset=\"0\" data-anchor-in-url=\"no\"><div class=\"su-spoiler-title\" tabindex=\"0\" role=\"button\"><span class=\"su-spoiler-icon\"><\/span><strong>Les r\u00e9sultats de l\u2019Ultra Trail Angkor 2023<\/strong><\/div><div class=\"su-spoiler-content su-u-clearfix su-u-trim\">\r\n<p><span style=\"color: #000000;\">Certificat de course : \u00a0<\/span><a href=\"https:\/\/certificate-2023.ultratrail-angkor.com\/generateCertificate\"><span style=\"color: #ff6600;\">https:\/\/certificate-2023.ultratrail-angkor.com\/generateCertificate<\/span><\/a><\/p>\r\n<p><span style=\"color: #000000;\">Results UTA\u00a0 100:<span style=\"color: #ff6600;\"> <a style=\"color: #ff6600;\" href=\"https:\/\/ultratrail-angkor.com\/wp-content\/uploads\/2023\/02\/ultra-trail-100-1.pdf\">UTA 2023 \u2013 ULTRA120_scratch<\/a><\/span><\/span><br \/><span style=\"color: #000000;\">Results Bayon Trail 64:\u00a0<span style=\"color: #ff6600;\"><a style=\"color: #ff6600;\" href=\"https:\/\/ultratrail-angkor.com\/wp-content\/uploads\/2023\/02\/bayon-64.pdf\">UTA 2023 \u2013 BAYON64_scratch<\/a><\/span><\/span><br \/><span style=\"color: #000000;\">Results Marathon Trail 42:\u00a0<a style=\"color: #000000;\" href=\"https:\/\/ultratrail-angkor.com\/wp-content\/uploads\/2023\/02\/marath-42-1.pdf\"><span style=\"color: #ff6600;\">UTA<\/span> <span style=\"color: #ff6600;\">2023 \u2013 MARATH42_scratch<\/span><\/a><\/span><\/p>\r\n<p><span style=\"color: #000000;\">\r\n\r\n<\/span><\/p>\r\n<p><span style=\"color: #000000;\">Results Jungle Trail 32:\u00a0<span style=\"color: #ff6600;\"><a style=\"color: #ff6600;\" href=\"https:\/\/ultratrail-angkor.com\/wp-content\/uploads\/2023\/02\/jungle-32.pdf\">UTA 2023 \u2013 JUNGLE32_scratch<\/a><\/span><\/span><br \/><span style=\"color: #000000;\">Results Temple Run 18:\u00a0<span style=\"color: #ff6600;\"><a style=\"color: #ff6600;\" href=\"https:\/\/ultratrail-angkor.com\/wp-content\/uploads\/2023\/02\/temple-16.pdf\">UTA 2023 \u2013 TEMPLE18_scratch<\/a><\/span><\/span><br \/><span style=\"color: #000000;\">Results Nordic Walking 18 :\u00a0<span style=\"color: #ff6600;\"><a style=\"color: #ff6600;\" href=\"https:\/\/ultratrail-angkor.com\/wp-content\/uploads\/2023\/02\/nordik-16.pdf\">R\u00e9sultats Nordic Walking 18<\/a><\/span><\/span><\/p>\r\n<p><span style=\"color: #000000;\">Results Elphant Trail 8 :\u00a0<span style=\"color: #ff6600;\"><a style=\"color: #ff6600;\" href=\"https:\/\/ultratrail-angkor.com\/wp-content\/uploads\/2023\/02\/elephant-8.pdf\">R\u00e9sultats Elephant Trail 8<\/a><\/span><\/span><\/p>\r\n<\/div><\/div>\r\n<p style=\"text-align: left;\"><div class=\"su-spoiler su-spoiler-style-fancy su-spoiler-icon-chevron su-spoiler-closed\" data-scroll-offset=\"0\" data-anchor-in-url=\"no\"><div class=\"su-spoiler-title\" tabindex=\"0\" role=\"button\"><span class=\"su-spoiler-icon\"><\/span><strong>Les r\u00e9sultats de l\u2019Ultra Trail Angkor 2020<\/strong><\/div><div class=\"su-spoiler-content su-u-clearfix su-u-trim\">\r\n<p><span style=\"color: #000000;\">Certificat de course : \u00a0<\/span><span style=\"color: #ff6600;\">https:\/\/certificate-2020.ultratrail-angkor.com\/generateCertificate<\/span><\/p>\r\n<h2 style=\"text-align: center;\">\r\n\r\n<\/h2>\r\n<div class=\"wp-block-file\"><span style=\"color: #000000;\"><a style=\"color: #000000;\" href=\"https:\/\/ultratrail-angkor.com\/wp-content\/uploads\/2020\/02\/r\u00e9sultats-uta128-2020-1.pdf\"><span style=\"color: #ff6600;\">r\u00e9sultats-uta128-2020<\/span><\/a><\/span><\/div>\r\n<h2 style=\"text-align: center;\"><span style=\"color: #ff6600;\">\r\n\r\n<\/span><\/h2>\r\n<div class=\"wp-block-file\"><span style=\"color: #ff6600;\"><a style=\"color: #ff6600;\" href=\"https:\/\/ultratrail-angkor.com\/wp-content\/uploads\/2020\/01\/r\u00c7sultats-Bayon-2020.pdf\" target=\"_blank\" rel=\"noreferrer noopener\">R\u00e9sultats-Bayon-Trail 64 km 2020<\/a><\/span><\/div>\r\n<h2 style=\"text-align: center;\"><span style=\"color: #ff6600;\">\r\n\r\n<\/span><\/h2>\r\n<div class=\"wp-block-file\"><span style=\"color: #ff6600;\"><a style=\"color: #ff6600;\" href=\"https:\/\/ultratrail-angkor.com\/wp-content\/uploads\/2020\/01\/r\u00c7sultats-marathon-2020.pdf\" target=\"_blank\" rel=\"noreferrer noopener\">R\u00e9sultats-marathon-Trail 42 km2020<\/a><\/span><\/div>\r\n<h2 style=\"text-align: center;\"><span style=\"color: #ff6600;\">\r\n\r\n<\/span><\/h2>\r\n<div class=\"wp-block-file\"><span style=\"color: #ff6600;\"><a style=\"color: #ff6600;\" href=\"https:\/\/ultratrail-angkor.com\/wp-content\/uploads\/2020\/01\/r\u00c7sultats-jungle-2020.pdf\" target=\"_blank\" rel=\"noreferrer noopener\">R\u00e9sultats-jungle-Trail 32 km2020<\/a><\/span><\/div>\r\n<h2 style=\"text-align: center;\"><span style=\"color: #ff6600;\">\r\n\r\n<\/span><\/h2>\r\n<div class=\"wp-block-file\"><span style=\"color: #ff6600;\"><a style=\"color: #ff6600;\" href=\"https:\/\/ultratrail-angkor.com\/wp-content\/uploads\/2020\/01\/r\u00c7sultats-temple-2020.pdf\" target=\"_blank\" rel=\"noreferrer noopener\">R\u00e9sultats-emple-Run 16 km 2020<\/a><\/span><\/div>\r\n<h2 style=\"text-align: center;\"><span style=\"color: #ff6600;\">\r\n\r\n<\/span><\/h2>\r\n<div class=\"wp-block-file\"><span style=\"color: #ff6600;\"><a style=\"color: #ff6600;\" href=\"https:\/\/ultratrail-angkor.com\/wp-content\/uploads\/2020\/01\/r\u00c7sultats-nordik-2020.pdf\" target=\"_blank\" rel=\"noreferrer noopener\">R\u00e9sultats-Nordik-Walk 16 km2020<\/a><\/span><\/div>\r\n\r\n\r\n\r\n<\/div><\/div>\r\n<p style=\"text-align: left;\"><div class=\"su-spoiler su-spoiler-style-fancy su-spoiler-icon-chevron su-spoiler-closed\" data-scroll-offset=\"0\" data-anchor-in-url=\"no\"><div class=\"su-spoiler-title\" tabindex=\"0\" role=\"button\"><span class=\"su-spoiler-icon\"><\/span><strong>Les r\u00e9sultats de l\u2019Ultra Trail Angkor 2019<\/strong><\/div><div class=\"su-spoiler-content su-u-clearfix su-u-trim\">\r\n<p><span style=\"color: #000000;\">Certificat de course : \u00a0<\/span><a href=\"https:\/\/certificate-2019.ultratrail-angkor.com\/generateCertificate\"><span style=\"color: #ff6600;\">https:\/\/certificate-2019.ultratrail-angkor.com\/generateCertificate<\/span><\/a><\/p>\r\n\r\n\r\n\r\n<p><span style=\"color: #000000;\">Results UTA\u00a0 128:<span style=\"color: #ff6600;\"> <a style=\"color: #ff6600;\" href=\"https:\/\/ultratrail-angkor.com\/wp-content\/uploads\/2019\/01\/UTA-2019-ULTRA128_scratch-1.pdf\">UTA 2019 \u2013 ULTRA128_scratch<\/a><\/span><\/span><br \/><span style=\"color: #000000;\">Results Bayon Trail 64:\u00a0<span style=\"color: #ff6600;\"><a style=\"color: #ff6600;\" href=\"https:\/\/ultratrail-angkor.com\/wp-content\/uploads\/2019\/01\/UTA-2019-BAYON64_scratch-1.pdf\">UTA 2019 \u2013 BAYON64_scratch<\/a><\/span><\/span><br \/><span style=\"color: #000000;\">Results Marathon Trail 42:\u00a0<a style=\"color: #000000;\" href=\"https:\/\/ultratrail-angkor.com\/wp-content\/uploads\/2019\/01\/UTA-2019-MARATH42_scratch-1.pdf\"><span style=\"color: #ff6600;\">UTA<\/span> <span style=\"color: #ff6600;\">2019 \u2013 MARATH42_scratch<\/span><\/a><\/span><\/p>\r\n<p><span style=\"color: #000000;\">\r\n\r\n<\/span><\/p>\r\n<p><span style=\"color: #000000;\">Results Jungle Trail 32:\u00a0<span style=\"color: #ff6600;\"><a style=\"color: #ff6600;\" href=\"https:\/\/ultratrail-angkor.com\/wp-content\/uploads\/2019\/01\/UTA-2019-JUNGLE32_scratch-1.pdf\">UTA 2019 \u2013 JUNGLE32_scratch<\/a><\/span><\/span><br \/><span style=\"color: #000000;\">Results Temple Run 16:\u00a0<span style=\"color: #ff6600;\"><a style=\"color: #ff6600;\" href=\"https:\/\/ultratrail-angkor.com\/wp-content\/uploads\/2019\/01\/UTA-2019-TEMPLE16_scratch-1.pdf\">UTA 2019 \u2013 TEMPLE16_scratch<\/a><\/span><\/span><br \/><span style=\"color: #000000;\">Results Nordic Walking 16 :\u00a0<span style=\"color: #ff6600;\"><a style=\"color: #ff6600;\" href=\"https:\/\/ultratrail-angkor.com\/wp-content\/uploads\/2019\/01\/R%C3%A9sultats-Nordic-Walking-16.pdf\">R\u00e9sultats Nordic Walking 16<\/a><\/span><\/span><\/p>\r\n\r\n\r\n\r\n<\/div><\/div>\r\n<div class=\"su-spoiler su-spoiler-style-fancy su-spoiler-icon-chevron su-spoiler-closed\" data-scroll-offset=\"0\" data-anchor-in-url=\"no\"><div class=\"su-spoiler-title\" tabindex=\"0\" role=\"button\"><span class=\"su-spoiler-icon\"><\/span><strong>Les r\u00e9sultats de l\u2019Ultra Trail Angkor <\/strong><strong>2018 <\/strong><\/div><div class=\"su-spoiler-content su-u-clearfix su-u-trim\">\r\n<p><span style=\"color: #000000;\">Ultra Trail Angkor 128km &#8211;<span style=\"color: #ff6600;\">\u00a0<a style=\"color: #ff6600;\" href=\"https:\/\/ultratrail-angkor.com\/wp-content\/uploads\/2019\/03\/ITRA-128.xlsx\">ITRA 128<\/a><\/span><\/span><br \/><span style=\"color: #000000;\">Bayon Trail 64km-<span style=\"color: #ff6600;\">\u00a0<a style=\"color: #ff6600;\" href=\"https:\/\/ultratrail-angkor.com\/wp-content\/uploads\/2019\/03\/ITRA-64.xlsx\">ITRA 64<\/a><\/span><\/span><br \/><span style=\"color: #000000;\">Marathon Trail 42km-\u00a0<span style=\"color: #ff6600;\"><a style=\"color: #ff6600;\" href=\"https:\/\/ultratrail-angkor.com\/wp-content\/uploads\/2019\/03\/ITRA-42.xlsx\">ITRA 42<\/a><\/span><\/span><br \/><span style=\"color: #000000;\">Jungle Trail 32km-\u00a0<span style=\"color: #ff6600;\"><a style=\"color: #ff6600;\" href=\"https:\/\/ultratrail-angkor.com\/wp-content\/uploads\/2019\/03\/ITRA-32.xlsx\">ITRA 32<\/a><\/span><\/span><br \/><span style=\"color: #000000;\">Temple Run 16km \u2013\u00a0<span style=\"color: #ff6600;\"><a style=\"color: #ff6600;\" href=\"https:\/\/ultratrail-angkor.com\/wp-content\/uploads\/2019\/03\/ITRA-16.xlsx\">ITRA 16<\/a><\/span><\/span><br \/><span style=\"color: #000000;\">Nordic Walk 16km \u2013\u00a0<span style=\"color: #ff6600;\"><a style=\"color: #ff6600;\" href=\"https:\/\/ultratrail-angkor.com\/wp-content\/uploads\/2019\/03\/ITRA-MN.xlsx\">ITRA MN<\/a><\/span><\/span><\/p>\r\n<\/div><\/div>\r\n<p>\r\n\r\n<\/p>\r\n<div class=\"su-spoiler su-spoiler-style-fancy su-spoiler-icon-chevron su-spoiler-closed\" data-scroll-offset=\"0\" data-anchor-in-url=\"no\"><div class=\"su-spoiler-title\" tabindex=\"0\" role=\"button\"><span class=\"su-spoiler-icon\"><\/span><strong>Les r\u00e9sultats de l\u2019Ultra Trail Angkor <\/strong><strong>2017<\/strong><\/div><div class=\"su-spoiler-content su-u-clearfix su-u-trim\">\r\n<p>\r\n\r\n<\/p>\r\n<p><span style=\"color: #ff6600;\"><a style=\"color: #ff6600;\" href=\"http:\/\/bit.do\/ultratrail-angkor-128K\">Ultra Trail Angkor 128km<\/a><\/span><br \/><span style=\"color: #ff6600;\"><a style=\"color: #ff6600;\" href=\"http:\/\/bit.do\/ultratrail-angkor-64K\">Bayon Trail 64km<\/a><\/span><br \/><span style=\"color: #ff6600;\"><a style=\"color: #ff6600;\" href=\"http:\/\/bit.do\/ultratrail-angkor-32K\">Jungle Trail 32km<\/a><a style=\"color: #ff6600;\" href=\"http:\/\/bit.do\/ultratrail-angkor-T16K\">Temple<\/a><\/span><br \/><span style=\"color: #ff6600;\"><a style=\"color: #ff6600;\" href=\"http:\/\/bit.do\/ultratrail-angkor-T16K\"> Run 16km<\/a><\/span><br \/><span style=\"color: #ff6600;\"><a style=\"color: #ff6600;\" href=\"http:\/\/bit.do\/ultratrail-angkor-N16K\">Nordic Walk 16km<\/a><\/span><\/p>\r\n<p>\r\n\r\n<\/p>\r\n<\/div><\/div>\r\n<p>\r\n\r\n<\/p>\r\n<div class=\"su-spoiler su-spoiler-style-fancy su-spoiler-icon-chevron su-spoiler-closed\" data-scroll-offset=\"0\" data-anchor-in-url=\"no\"><div class=\"su-spoiler-title\" tabindex=\"0\" role=\"button\"><span class=\"su-spoiler-icon\"><\/span><strong>Les r\u00e9sultats de l\u2019Ultra Trail Angkor <\/strong><strong>2016<\/strong><\/div><div class=\"su-spoiler-content su-u-clearfix su-u-trim\">\r\n<p><br \/><span style=\"color: #000000;\">Ultra Trail Angkor 128km \u2013\u00a0<span style=\"color: #ff6600;\"><a style=\"color: #ff6600;\" href=\"https:\/\/ultratrail-angkor.com\/wp-content\/uploads\/2019\/03\/ANGKOR_UTA128-individuel.pdf\">ANGKOR_UTA128 individuel<\/a><\/span><\/span><br \/><span style=\"color: #000000;\">Bayon Trail 64km \u2013\u00a0<span style=\"color: #ff6600;\"><a style=\"color: #ff6600;\" href=\"https:\/\/ultratrail-angkor.com\/wp-content\/uploads\/2019\/03\/rapport-TA64.pdf\">Rapport TA64<\/a><\/span><\/span><br \/><span style=\"color: #000000;\">Jungle Trail 32km \u2013<span style=\"color: #ff6600;\">\u00a0<a style=\"color: #ff6600;\" href=\"https:\/\/ultratrail-angkor.com\/wp-content\/uploads\/2019\/03\/rapport-TA32.pdf\">Rapport TA32<\/a><\/span><\/span><br \/><span style=\"color: #000000;\">Nordic Walk 32km-<span style=\"color: #ff6600;\"><a style=\"color: #ff6600;\" href=\"https:\/\/ultratrail-angkor.com\/wp-content\/uploads\/2019\/03\/rapport-MNA32.pdf\"> rapport MNA32<\/a><\/span><\/span><\/p>\r\n<\/div><\/div><img loading=\"lazy\" decoding=\"async\" class=\"wp-image-10385 aligncenter\" src=\"https:\/\/ultratrail-angkor.com\/wp-content\/uploads\/2023\/03\/TROPHIES-1024x683.jpg\" alt=\"\" width=\"881\" height=\"588\" srcset=\"https:\/\/ultratrail-angkor.com\/wp-content\/uploads\/2023\/03\/TROPHIES-1024x683.jpg 1024w, https:\/\/ultratrail-angkor.com\/wp-content\/uploads\/2023\/03\/TROPHIES-300x200.jpg 300w, https:\/\/ultratrail-angkor.com\/wp-content\/uploads\/2023\/03\/TROPHIES-768x512.jpg 768w, https:\/\/ultratrail-angkor.com\/wp-content\/uploads\/2023\/03\/TROPHIES-1536x1024.jpg 1536w, https:\/\/ultratrail-angkor.com\/wp-content\/uploads\/2023\/03\/TROPHIES-2048x1365.jpg 2048w, https:\/\/ultratrail-angkor.com\/wp-content\/uploads\/2023\/03\/TROPHIES-280x187.jpg 280w, https:\/\/ultratrail-angkor.com\/wp-content\/uploads\/2023\/03\/TROPHIES-1170x780.jpg 1170w\" sizes=\"auto, (max-width: 881px) 100vw, 881px\" \/><\/p>\r\n\r\n\r\n\r\n<figure class=\"wp-block-gallery-1 is-layout-flex wp-block-gallery-is-layout-flex\"><\/figure>\r\n<figure><\/figure>\r\n","protected":false},"excerpt":{"rendered":"","protected":false},"author":1,"featured_media":0,"parent":0,"menu_order":0,"comment_status":"closed","ping_status":"closed","template":"","meta":{"footnotes":""},"class_list":["post-3782","page","type-page","status-publish","hentry"],"_links":{"self":[{"href":"https:\/\/ultratrail-angkor.com\/index.php?rest_route=\/wp\/v2\/pages\/3782","targetHints":{"allow":["GET"]}}],"collection":[{"href":"https:\/\/ultratrail-angkor.com\/index.php?rest_route=\/wp\/v2\/pages"}],"about":[{"href":"https:\/\/ultratrail-angkor.com\/index.php?rest_route=\/wp\/v2\/types\/page"}],"author":[{"embeddable":true,"href":"https:\/\/ultratrail-angkor.com\/index.php?rest_route=\/wp\/v2\/users\/1"}],"replies":[{"embeddable":true,"href":"https:\/\/ultratrail-angkor.com\/index.php?rest_route=%2Fwp%2Fv2%2Fcomments&post=3782"}],"version-history":[{"count":41,"href":"https:\/\/ultratrail-angkor.com\/index.php?rest_route=\/wp\/v2\/pages\/3782\/revisions"}],"predecessor-version":[{"id":13027,"href":"https:\/\/ultratrail-angkor.com\/index.php?rest_route=\/wp\/v2\/pages\/3782\/revisions\/13027"}],"wp:attachment":[{"href":"https:\/\/ultratrail-angkor.com\/index.php?rest_route=%2Fwp%2Fv2%2Fmedia&parent=3782"}],"curies":[{"name":"wp","href":"https:\/\/api.w.org\/{rel}","templated":true}]}}