{"id":6312,"date":"2020-01-10T17:39:23","date_gmt":"2020-01-10T16:39:23","guid":{"rendered":"https:\/\/ultratrail-angkor.com\/?page_id=6312"},"modified":"2020-01-10T17:39:24","modified_gmt":"2020-01-10T16:39:24","slug":"trace-de-trail-2","status":"publish","type":"page","link":"https:\/\/ultratrail-angkor.com\/?page_id=6312","title":{"rendered":"TRACE DE TRAIL"},"content":{"rendered":"\n<div class=\"wp-block-image\"><figure class=\"aligncenter size-large is-resized\"><img loading=\"lazy\" decoding=\"async\" src=\"https:\/\/ultratrail-angkor.com\/wp-content\/uploads\/2020\/01\/tracedetrail_longueur_small-2.png\" alt=\"\" class=\"wp-image-6313\" width=\"313\" height=\"90\" srcset=\"https:\/\/ultratrail-angkor.com\/wp-content\/uploads\/2020\/01\/tracedetrail_longueur_small-2.png 625w, https:\/\/ultratrail-angkor.com\/wp-content\/uploads\/2020\/01\/tracedetrail_longueur_small-2-300x86.png 300w, https:\/\/ultratrail-angkor.com\/wp-content\/uploads\/2020\/01\/tracedetrail_longueur_small-2-280x80.png 280w\" sizes=\"auto, (max-width: 313px) 100vw, 313px\" \/><\/figure><\/div>\n\n\n\n<p><em>Dans&nbsp;le cadre de notre\npartenariat, Trace de Trail offre&nbsp;<strong>gratuitement \u00e0 tous les\nparticipants&nbsp;<\/strong>qui le souhaitent&nbsp;<strong>un abonnement Trailer\n+&nbsp;&nbsp;Suivi Live <\/strong>jusqu\u2019\u00e0 fin janvier <strong>pour vous permettre\nde&nbsp;b\u00e9n\u00e9ficier&nbsp;des outils de l\u2019application mobile Trail Connect lors\nde l\u2019Ultra-Trail d\u2019Angkor.<\/strong><\/em><\/p>\n\n\n\n<p><em>&nbsp;Les services accessibles gr\u00e2ce\n\u00e0 Trail Connect &nbsp;:<\/em><\/p>\n\n\n\n<ul class=\"wp-block-list\"><li>Embarquez\n     les parcours dans votre smartphone, pour&nbsp;<strong>vous localiser \u00e0 tout\n     moment sur le parcours<\/strong>&nbsp;y compris hors connexion r\u00e9seau<\/li><li><strong>Activez\n     le service de suivi live<\/strong>&nbsp;pour permettre \u00e0 vos\n     proches de vous suivre pendant la course<\/li><li><strong>Acc\u00e9der\n     au module urgence,<\/strong>&nbsp;pour contacter rapidement\n     l\u2019organisation en cas de probl\u00e8me<\/li><\/ul>\n\n\n\n<p><em>Pour b\u00e9n\u00e9ficier gratuitement de\ncet&nbsp;abonnement, il faut que les participants chargent l\u2019application Trail\nConnect (<a href=\"http:\/\/trailconnect.run\/fr\/telechargement\/\">liens de t\u00e9l\u00e9chargement ici<\/a>) et cr\u00e9ent un compte\nutilisateur. Envoyer ensuite un mail \u00e0 Trace de Trail (<\/em><em><a href=\"mailto:admin@tracedetrail.fr\">admin@tracedetrail.fr<\/a><\/em><em>)\npour demander l\u2019activation de l\u2019abonnement.<\/em><\/p>\n\n\n\n<p><em>Recommandations :<\/em><\/p>\n\n\n\n<ul class=\"wp-block-list\"><li>Acc\u00e8s\n     r\u00e9seau : l\u2019utilisation des fonctions de suivi live et du module urgence\n     n\u00e9cessitent de souscrire un abonnement t\u00e9l\u00e9phonique local avec possibilit\u00e9\n     d\u2019envoi de data (sur place).<\/li><li>Batterie\n     et autonomie du t\u00e9l\u00e9phone :&nbsp;Les fonctions de\n     localisation&nbsp;GPS&nbsp;et de suivi live&nbsp;sollicitent la batterie.\n     A&nbsp;fin d\u2019\u00e9conomiser cette derni\u00e8re, trois&nbsp;recommandations :<ul><li>Couper\n      les donn\u00e9es cellulaires des autres applications pendants la course<\/li><li>Adapter\n      la fr\u00e9quence d\u2019envoi de vos positions dans les param\u00e8tres de\n      l\u2019application. Par d\u00e9faut, votre position sera envoy\u00e9e tous les\n      kilom\u00e8tres (passez sur un envoi tous les 2 km pour le 128km).<\/li><li>Emmenez\n      une batterie externe dans votre sac pour&nbsp;recharger votre smartphone\n      en cas de besoin.<\/li><\/ul><\/li><\/ul>\n\n\n\n<h2 class=\"has-text-align-center wp-block-heading\"> <a href=\"https:\/\/tracedetrail.fr\/en\/\">https:\/\/tracedetrail.fr\/en\/<\/a> <\/h2>\n","protected":false},"excerpt":{"rendered":"<p>Dans&nbsp;le cadre de notre partenariat, Trace de Trail offre&nbsp;gratuitement \u00e0 tous les participants&nbsp;qui le souhaitent&nbsp;un abonnement Trailer +&nbsp;&nbsp;Suivi Live jusqu\u2019\u00e0 fin janvier pour vous permettre de&nbsp;b\u00e9n\u00e9ficier&nbsp;des outils de l\u2019application mobile Trail Connect lors de l\u2019Ultra-Trail d\u2019Angkor. &nbsp;Les services accessibles gr\u00e2ce \u00e0 Trail Connect &nbsp;: Embarquez les parcours dans votre smartphone, pour&nbsp;vous localiser \u00e0 tout moment<\/p>\n","protected":false},"author":1,"featured_media":0,"parent":0,"menu_order":0,"comment_status":"closed","ping_status":"closed","template":"","meta":{"footnotes":""},"class_list":["post-6312","page","type-page","status-publish","hentry"],"_links":{"self":[{"href":"https:\/\/ultratrail-angkor.com\/index.php?rest_route=\/wp\/v2\/pages\/6312","targetHints":{"allow":["GET"]}}],"collection":[{"href":"https:\/\/ultratrail-angkor.com\/index.php?rest_route=\/wp\/v2\/pages"}],"about":[{"href":"https:\/\/ultratrail-angkor.com\/index.php?rest_route=\/wp\/v2\/types\/page"}],"author":[{"embeddable":true,"href":"https:\/\/ultratrail-angkor.com\/index.php?rest_route=\/wp\/v2\/users\/1"}],"replies":[{"embeddable":true,"href":"https:\/\/ultratrail-angkor.com\/index.php?rest_route=%2Fwp%2Fv2%2Fcomments&post=6312"}],"version-history":[{"count":1,"href":"https:\/\/ultratrail-angkor.com\/index.php?rest_route=\/wp\/v2\/pages\/6312\/revisions"}],"predecessor-version":[{"id":6314,"href":"https:\/\/ultratrail-angkor.com\/index.php?rest_route=\/wp\/v2\/pages\/6312\/revisions\/6314"}],"wp:attachment":[{"href":"https:\/\/ultratrail-angkor.com\/index.php?rest_route=%2Fwp%2Fv2%2Fmedia&parent=6312"}],"curies":[{"name":"wp","href":"https:\/\/api.w.org\/{rel}","templated":true}]}}