{"id":7925,"date":"2026-02-09T04:50:31","date_gmt":"2026-02-09T03:50:31","guid":{"rendered":"https:\/\/ultratrail-angkor.com\/?page_id=7925"},"modified":"2026-02-11T16:27:07","modified_gmt":"2026-02-11T15:27:07","slug":"temple-run-16-km-4","status":"publish","type":"page","link":"https:\/\/ultratrail-angkor.com\/?page_id=7925&lang=es","title":{"rendered":"NAGA TRAIL ANGKOR &#8211; 21,1 km"},"content":{"rendered":"<div class=\"min-h-8 text-message relative flex w-full flex-col items-end gap-2 text-start break-words whitespace-normal [.text-message+&amp;]:mt-1\" dir=\"auto\" data-message-author-role=\"assistant\" data-message-id=\"68af28d2-f617-473d-b506-ea177c615d9a\" data-message-model-slug=\"gpt-5-2\">\n<div class=\"flex w-full flex-col gap-1 empty:hidden first:pt-[1px]\">\n<div class=\"markdown prose dark:prose-invert w-full wrap-break-word light markdown-new-styling\">\n<p data-start=\"44\" data-end=\"452\"><span style=\"font-size: 18px;\"><strong data-start=\"37\" data-end=\"86\">NUEVA DISTANCIA <\/strong>\u00a0&#8211; Para esta 10.\u00aa edici\u00f3n, el <strong>NAGA TRAIL ANGKOR 21,1 km<\/strong>, cuyo nombre evocador rinde homenaje a la grandeza del reino jemer, viene a enriquecer el programa con una nueva distancia de media marat\u00f3n. Esta prueba de 21,1 km sustituye a partir de ahora al Temple Run de Angkor \u2013 18 km y se desarrolla \u00edntegramente en el coraz\u00f3n del sitio arqueol\u00f3gico de Angkor, en la provincia de Siem Reap, al norte de Camboya.<\/span><\/p>\n<p data-start=\"457\" data-end=\"764\"><span style=\"font-size: 18px;\">A lo largo de este recorrido de 21,1 km, los corredores transitar\u00e1n por la parte final de los trazados de las otras carreras del programa, ofreciendo una inmersi\u00f3n progresiva en el universo \u00fanico de Angkor. La salida se dar\u00e1 desde Eastern Mebon, antes de incorporarse al conjunto del sitio arqueol\u00f3gico.<\/span><\/p>\n<p data-start=\"769\" data-end=\"929\"><span style=\"font-size: 18px;\">Desde los primeros metros en Eastern Mebon y durante todo el recorrido, las sensaciones estar\u00e1n garantizadas, en un escenario cargado de historia y emoci\u00f3n<\/span><\/p>\n<\/div>\n<\/div>\n<\/div>\n<p>&nbsp;<\/p>\n<p><img loading=\"lazy\" decoding=\"async\" class=\"aligncenter size-large wp-image-13267\" src=\"https:\/\/ultratrail-angkor.com\/wp-content\/uploads\/2026\/02\/ca653555335cab4c19d1856af04e0a59-1024x683.jpg\" alt=\"\" width=\"1024\" height=\"683\" srcset=\"https:\/\/ultratrail-angkor.com\/wp-content\/uploads\/2026\/02\/ca653555335cab4c19d1856af04e0a59-1024x683.jpg 1024w, https:\/\/ultratrail-angkor.com\/wp-content\/uploads\/2026\/02\/ca653555335cab4c19d1856af04e0a59-300x200.jpg 300w, https:\/\/ultratrail-angkor.com\/wp-content\/uploads\/2026\/02\/ca653555335cab4c19d1856af04e0a59-768x512.jpg 768w, https:\/\/ultratrail-angkor.com\/wp-content\/uploads\/2026\/02\/ca653555335cab4c19d1856af04e0a59-1536x1024.jpg 1536w, https:\/\/ultratrail-angkor.com\/wp-content\/uploads\/2026\/02\/ca653555335cab4c19d1856af04e0a59-280x187.jpg 280w, https:\/\/ultratrail-angkor.com\/wp-content\/uploads\/2026\/02\/ca653555335cab4c19d1856af04e0a59-1170x780.jpg 1170w, https:\/\/ultratrail-angkor.com\/wp-content\/uploads\/2026\/02\/ca653555335cab4c19d1856af04e0a59.jpg 2048w\" sizes=\"auto, (max-width: 1024px) 100vw, 1024px\" \/><\/p>\n<p data-start=\"37\" data-end=\"503\"><span style=\"font-size: 18px;\">Este trail de media marat\u00f3n de 21,100 km se disputar\u00e1 sobre pistas, atravesando arrozales y una naturaleza de una belleza excepcional, sin olvidar el paso por numerosos peque\u00f1os pueblos, con los templos de Angkor como tel\u00f3n de fondo. Durante algunos kil\u00f3metros, te sentir\u00e1s con alma de aventurero, \u00a1mientras las ra\u00edces gigantes de los \u00e1rboles fromager parecen dispuestas a abrazarte! Toda la magia del Ultra Trail de Angkor se concentra en estos 21,1 kil\u00f3metros\u2026<\/span><\/p>\n<p data-start=\"508\" data-end=\"864\"><span style=\"font-size: 18px;\">Vivir\u00e1s una aventura extraordinaria que permanecer\u00e1 en tu memoria durante mucho tiempo. La c\u00e1lida acogida de los habitantes no har\u00e1 sino aumentar tu amor por Camboya. Alma del reino jemer, los templos de Angkor son una fuente de inspiraci\u00f3n y de orgullo nacional para los camboyanos, y su belleza ha fascinado desde siempre a viajeros de todo el mundo.<\/span><\/p>\n<p data-start=\"869\" data-end=\"964\"><strong><span style=\"font-size: 18px;\">No te pierdas el privilegio de recorrer un sitio declarado Patrimonio Mundial de la UNESCO.<\/span><\/strong><\/p>\n<p><span style=\"font-size: 18px;\"><a href=\"https:\/\/tracedetrail.fr\/fr\/event\/ultra-trail-d-angkor-2026\">https:\/\/tracedetrail.fr\/fr\/event\/ultra-trail-d-angkor-2026<\/a><\/span><\/p>\n<p><center><br \/>\n<iframe style=\"border: 0; width: 80%; height: 800px;\" src=\"https:\/\/tracedetrail.fr\/fr\/iframe\/7929\" scrolling=\"no\" allowfullscreen=\"allowfullscreen\"><\/iframe><\/center><\/p>\n","protected":false},"excerpt":{"rendered":"<p>NUEVA DISTANCIA \u00a0&#8211; Para esta 10.\u00aa edici\u00f3n, el NAGA TRAIL ANGKOR 21,1 km, cuyo nombre evocador rinde homenaje a la grandeza del reino jemer, viene a enriquecer el programa con una nueva distancia de media marat\u00f3n. Esta prueba de 21,1 km sustituye a partir de ahora al Temple Run de Angkor \u2013 18 km y<\/p>\n","protected":false},"author":1,"featured_media":0,"parent":0,"menu_order":0,"comment_status":"closed","ping_status":"closed","template":"","meta":{"footnotes":""},"class_list":["post-7925","page","type-page","status-publish","hentry"],"_links":{"self":[{"href":"https:\/\/ultratrail-angkor.com\/index.php?rest_route=\/wp\/v2\/pages\/7925","targetHints":{"allow":["GET"]}}],"collection":[{"href":"https:\/\/ultratrail-angkor.com\/index.php?rest_route=\/wp\/v2\/pages"}],"about":[{"href":"https:\/\/ultratrail-angkor.com\/index.php?rest_route=\/wp\/v2\/types\/page"}],"author":[{"embeddable":true,"href":"https:\/\/ultratrail-angkor.com\/index.php?rest_route=\/wp\/v2\/users\/1"}],"replies":[{"embeddable":true,"href":"https:\/\/ultratrail-angkor.com\/index.php?rest_route=%2Fwp%2Fv2%2Fcomments&post=7925"}],"version-history":[{"count":20,"href":"https:\/\/ultratrail-angkor.com\/index.php?rest_route=\/wp\/v2\/pages\/7925\/revisions"}],"predecessor-version":[{"id":13279,"href":"https:\/\/ultratrail-angkor.com\/index.php?rest_route=\/wp\/v2\/pages\/7925\/revisions\/13279"}],"wp:attachment":[{"href":"https:\/\/ultratrail-angkor.com\/index.php?rest_route=%2Fwp%2Fv2%2Fmedia&parent=7925"}],"curies":[{"name":"wp","href":"https:\/\/api.w.org\/{rel}","templated":true}]}}